 the greatest common factor of 5624 and 45695?
703
Calculate the highest common divisor of 24560 and 45.
5
Calculate the highest common factor of 18343 and 17.
17
Calculate the greatest common divisor of 12360 and 112560.
120
What is the highest common factor of 1070 and 22870?
10
Calculate the greatest common divisor of 32085 and 310.
155
What is the highest common divisor of 14245 and 5885?
55
Calculate the highest common divisor of 281176 and 119.
7
What is the highest common factor of 2637 and 35453?
293
Calculate the highest common factor of 21396 and 240.
12
Calculate the highest common divisor of 2041 and 1.
1
Calculate the greatest common divisor of 11125 and 1000.
125
What is the highest common factor of 30 and 1353810?
30
Calculate the highest common factor of 171 and 29032.
19
What is the highest common factor of 120 and 836745?
15
What is the greatest common factor of 222 and 57202?
74
What is the highest common divisor of 96 and 38898?
6
What is the greatest common factor of 278 and 18820878?
278
Calculate the greatest common factor of 72300 and 50.
50
What is the greatest common factor of 124 and 122450?
62
What is the greatest common divisor of 1903559 and 193?
193
What is the greatest common divisor of 392 and 9508?
4
Calculate the highest common factor of 252160 and 64.
64
What is the greatest common divisor of 6195 and 8029?
7
Calculate the greatest common divisor of 6313 and 45607.
59
Calculate the greatest common factor of 890862 and 126.
42
What is the highest common divisor of 1353 and 10461?
33
Calculate the highest common divisor of 662732 and 28.
28
What is the greatest common divisor of 62672 and 192?
16
What is the greatest common factor of 61 and 20518?
1
Calculate the highest common factor of 312 and 3395184.
312
Calculate the greatest common factor of 3 and 3907731.
3
Calculate the highest common divisor of 1182161 and 247.
19
What is the highest common factor of 399892 and 1028?
1028
Calculate the greatest common divisor of 70716 and 60.
12
What is the greatest common factor of 518 and 259?
259
What is the highest common factor of 2172 and 4236?
12
What is the highest common divisor of 131642 and 14?
14
What is the highest common factor of 9543 and 93?
3
Calculate the highest common factor of 2627 and 568.
71
What is the greatest common divisor of 32370 and 780?
390
Calculate the highest common factor of 808 and 2792.
8
What is the greatest common divisor of 1424 and 3408700?
356
Calculate the greatest common factor of 21170 and 47270.
290
Calculate the greatest common factor of 9798965 and 11.
11
What is the greatest common divisor of 8 and 2304800?
8
What is the highest common divisor of 17046 and 306?
18
What is the greatest common divisor of 2934 and 738?
18
Calculate the highest common divisor of 29455 and 731.
43
What is the highest common divisor of 54708 and 470?
94
Calculate the highest common divisor of 4802 and 23814.
98
What is the greatest common divisor of 16002 and 19152?
126
Calculate the highest common factor of 4294 and 3610.
38
What is the greatest common factor of 568 and 9?
1
What is the highest common divisor of 172656 and 1782?
198
What is the highest common factor of 104403 and 78?
39
Calculate the greatest common divisor of 68364 and 3078.
162
What is the highest common divisor of 1309 and 19516?
119
Calculate the highest common factor of 625 and 693125.
625
What is the highest common divisor of 998284 and 4242?
1414
What is the highest common factor of 1404 and 12064?
52
Calculate the greatest common divisor of 108 and 1522.
2
What is the greatest common factor of 58835 and 315?
35
What is the greatest common divisor of 178 and 5297102?
178
What is the greatest common factor of 62272 and 55552?
448
What is the highest common factor of 182 and 656222?
14
What is the greatest common factor of 138 and 152340?
6
Calculate the greatest common factor of 2052280 and 120.
40
What is the greatest common divisor of 32200 and 70200?
200
What is the highest common divisor of 1212 and 428644?
404
Calculate the highest common divisor of 28500 and 75525.
1425
Calculate the highest common divisor of 4896 and 312.
24
Calculate the highest common divisor of 5 and 750745.
5
What is the greatest common factor of 58011 and 2013?
183
Calculate the greatest common divisor of 17498 and 806.
26
Calculate the greatest common divisor of 7 and 735.
7
Calculate the highest common factor of 1444 and 11742.
38
What is the greatest common divisor of 259 and 5957?
259
Calculate the greatest common factor of 25 and 1080175.
25
Calculate the greatest common divisor of 2442 and 3330.
222
What is the highest common divisor of 854863 and 362?
181
Calculate the highest common divisor of 160 and 6260.
20
Calculate the highest common factor of 60672 and 1956.
12
Calculate the greatest common divisor of 19175 and 3250.
325
Calculate the highest common divisor of 41449 and 7421.
181
What is the highest common factor of 228 and 2454192?
228
Calculate the highest common factor of 13 and 140673.
13
What is the greatest common factor of 1924 and 372294?
962
Calculate the greatest common divisor of 268 and 3831194.
134
What is the highest common factor of 504 and 2277?
9
What is the highest common factor of 174 and 365835?
87
What is the highest common divisor of 8580 and 6765?
165
Calculate the greatest common divisor of 16 and 34960.
16
Calculate the highest common divisor of 2176 and 34624.
64
What is the highest common divisor of 88 and 116468?
44
What is the greatest common factor of 16491 and 18164?
239
Calculate the highest common factor of 163 and 902531.
163
What is the greatest common factor of 20 and 775?
5
Calculate the greatest common divisor of 271315 and 55.
55
Calculate the greatest common divisor of 3016 and 145132.
52
Calculate the greatest common divisor of 260 and 18822700.
260
What is the greatest common divisor of 20017 and 1517?
37
What is the greatest common factor of 257 and 42405?
257
Calculate the highest common divisor of 1070508 and 60.
12
What is the greatest common factor of 57805 and 5?
5
What is the highest common factor of 6 and 5549472?
6
What is the highest common divisor of 1044 and 3156?
12
Calculate the greatest common divisor of 13534 and 8978.
134
Calculate the highest common factor of 28832 and 5848.
136
Calculate the highest common factor of 3100180 and 140.
20
Calculate the greatest common factor of 21 and 134910.
3
What is the greatest common factor of 1863 and 943?
23
What is the highest common factor of 1938 and 799?
17
Calculate the highest common divisor of 53 and 319537.
53
Calculate the greatest common factor of 96534 and 899.
31
What is the highest common factor of 1960 and 252?
28
Calculate the greatest common divisor of 1853 and 311304.
1853
Calculate the highest common divisor of 810 and 1010.
10
What is the highest common divisor of 1258 and 40811?
37
What is the greatest common divisor of 456 and 91048?
152
What is the greatest common factor of 1083815 and 1720?
215
Calculate the highest common divisor of 1206549 and 27.
27
What is the highest common divisor of 254695 and 285?
95
Calculate the highest common divisor of 223561 and 2965.
593
Calculate the greatest common divisor of 109 and 233369.
109
What is the highest common factor of 8047 and 286?
13
What is the highest common factor of 20056 and 1526?
218
What is the highest common divisor of 230 and 574402?
46
What is the highest common factor of 47424 and 2600?
104
What is the greatest common divisor of 6 and 4618?
2
Calculate the highest common divisor of 477859 and 172.
43
What is the highest common factor of 462 and 3612?
42
Calculate the greatest common factor of 109764 and 36.
36
Calculate the greatest common divisor of 27 and 103527.
9
What is the greatest common divisor of 62551 and 1762?
881
What is the highest common factor of 15387 and 4140?
69
What is the highest common divisor of 200875 and 125?
125
What is the greatest common divisor of 9770 and 200?
10
Calculate the highest common factor of 316732 and 1300.
52
What is the greatest common factor of 12710 and 2173?
41
Calculate the greatest common factor of 89 and 50641.
89
Calculate the highest common divisor of 99072 and 1075.
43
What is the highest commo